)/80)/(a + 21532/(-10765)) composite?
False
Is ((-26)/65)/(3/((-949545)/2)) composite?
True
Let a be (-2 + 6)*((-9)/6 + 2). Let i(o) = 19 + 12*o**2 + 25*o + 10*o**a - 29*o. Is i(-9) a composite number?
True
Let w(k) = -4*k**3 + 6*k**2 + 26*k - 38. Let g be w(12). Is (g/(-3) - -1)/((-19)/(-57)) a prime number?
False
Let n(z) be the third derivative of z**4/24 + 5*z**3/3 + 6*z**2. Let r be n(-6). Suppose 4*g = r*p + 4396, -2*p + 3297 = -2*g + 5*g. Is g prime?
False
Suppose -4*c + 19 = -i, 4*c + i + 10 = 39. Is 4620 + -8 + c + -11 composite?
True
Let b(n) = 2*n**2 - 9*n + 28. Let g be b(-19). Let h = 2433 + g. Suppose 4*z + 4*s - 4488 = 0, 3*z = -0*z + s + h. Is z composite?
True
Let y(g) = g**2 + 12*g + 22. Let i be y(-10). Suppose 2 = i*u - 2. Suppose -5*c - p = -0*p - 4072, -821 = -c + u*p. Is c prime?
False
Let m(h) = 0*h**2 + 19 - 115*h**3 - 24 - 2*h**2 - 5*h. Let p = -30 + 28. Is m(p) composite?
True
Let j = 198423 + -5000. Is j a composite number?
False
Let p be (-2)/1 - (0 + (-7 - -1)). Suppose 0 = -q - 5*u + 1701, 8*q = 11*q + p*u - 5147. Is q a composite number?
False
Let l be 190/19 - (15/(-3) + 0). Is 15864/l - 3 - (-10)/25 prime?
False
Let s(k) = -10346*k - 1863. Is s(-4) composite?
False
Suppose 8*a - 6*a = -56. Let x(v) = v**3 + 28*v**2 - 6*v + 36. Let g be x(a). Is g + (-10)/(2 + 0) a prime number?
True
Let j = -394686 - -617549. Is j prime?
True
Suppose 5*g - 17138 = 2*x + 3119, 2*x + 4061 = g. Is g a composite number?
False
Let d(s) = 7432*s**3 - 9*s**2 + 14*s - 31. Is d(6) a composite number?
False
Let b(h) be the first derivative of h**3/3 + h**2/2 + h - 60. Is b(-11) prime?
False
Let l(g) be the third derivative of 0 - 1/6*g**3 - 5/6*g**4 + 0*g + 31/60*g**5 + 24*g**2 - 1/120*g**6. Is l(30) a composite number?
True
Is 439846 - (-25 - -15 - -7) prime?
True
Let b(r) = r**3 + 5*r**2 - 8*r - 11. Let w be b(-6). Let k be 2/w - -1 - (-12)/4. Is 2 - (-557 - 0) - (8 - k) prime?
True
Suppose 0 = -2*v + 4*v + 6, 2*o - 4*v = 16. Let r be ((-1)/3)/(o*(-1)/1422). Is r/6*20/2 a composite number?
True
Suppose 8*q + 259 = 795. Suppose 5*p + q + 33 = 0. Let a = 51 + p. Is a prime?
True
Is -1140922*2/28*-7 a composite number?
False
Let r(k) = -2*k**2 + 17*k - 29. Let m be r(4). Suppose m*l - 233 - 11709 = 0. Is l composite?
True
Let h(y) = 2*y**3 - 18*y**2 - 13*y + 21. Let b be h(9). Is b/(-45) - 2 - (-612065)/75 composite?
False
Let y(o) = -5*o**2 - 20*o + 42. Let t = 37 - 54. Let n(p) = -2*p**2 - 7*p + 14. Let s(w) = t*n(w) + 6*y(w). Is s(13) a composite number?
False
Suppose 4*b = -4*p - 90 - 70, 0 = -4*b + 20. Let s = p - -46. Is ((-1)/4 + 24564/16)*s a prime number?
False
Let x(k) = 45*k**2 - 12*k - 12. Let z be x(-4). Let b = z + -298. Is b composite?
True
Suppose 8*g - 84824 = 28600. Suppose 5*s - 4*u - 21324 - g = 0, s + 4*u - 7086 = 0. Suppose -5*n - 1343 + s = 0. Is n prime?
True
Suppose -v + 3355 = 5*z, 5*v - 3*z - 1444 - 15415 = 0. Let a = -1675 + v. Suppose -10*j + 5*j + a = 0. Is j a composite number?
True
Suppose -1548*p - 1560183 = -1553*p + 908702. Is p prime?
True
Let q(s) = -13176*s + 7465. Is q(-3) a prime number?
True
Let x(a) = 3*a + 0*a + 5*a + 8*a - 2. Let n be x(1). Is 6/n + 2704/28 a composite number?
False
Let b(u) = 53*u**3 - 2*u**2 + u + 3. Let r be b(-3). Let d be 10/(-5)*(-2 + 76/8). Is r/d - (-4)/10 prime?
True
Suppose 3*g + 1733 = w, -2*g - 1367 = -4*w + 5555. Let o = -823 + w. Is o composite?
False
Let w(u) = -17458*u + 6969. Is w(-44) composite?
False
Let k(s) = -5*s**3 - 10*s**2 - 16*s - 5. Let w be k(-8). Suppose -4*p = -3*i + 3027, 4*p + 1993 = 4*i - w. Is i a composite number?
False
Suppose 2*g - 21 = -3*b, 4*b + 5*g - 7*g - 28 = 0. Let z be 94 + -7 + -1 + 3. Suppose 8*l - b*l = z. Is l composite?
False
Suppose -12*b = 194 - 230. Suppose -b*m + 86974 = 2*p - 28989, -2*m + 5*p = -77277. Is m a prime number?
True
Suppose 5*b - 71 = -106, m + 3*b - 4696 = 0. Is m a composite number?
True
Suppose y + 133 = 3*w, 3*w - 224 = -2*w + 4*y. Let c = w - -42. Is (-1)/(-4) - c/(-8) prime?
True
Let q = -1510501 - -2818692. Is q composite?
False
Suppose -116*p + 88*p + 1257284 = 0. Is p prime?
False
Let a(q) = -6*q**3 - 86*q**2 - 53*q + 218. Is a(-41) a composite number?
False
Let u = -15 - -50. Let b = u + -35. Suppose -l + b*l = -3*v - 582, -l - 4*v = -575. Is l composite?
True
Let q be (-6)/(-8) + (-5)/(240/(-24828)). Suppose q*m - 115122 = 512*m. Is m prime?
False
Let u = -22626 + 46121. Suppose -34*a - u = -39*a. Is a prime?
False
Let j(y) = 67*y**2 - 216*y - 1152. Is j(-83) a prime number?
True
Is (-15508 + (0 - 3))/(2/(-2)) composite?
False
Let g(a) = 9*a - 10. Let w be g(3). Suppose -3*o - 5*l = 4 - 3, -o = 5*l + w. Suppose 0 = 3*x + 20 - o, -3*k + 5*x = -38. Is k a composite number?
True
Is ((-1453640)/120)/((-2)/6) a prime number?
True
Suppose -3*n + 2*c + 50 = -0*c, 35 = n + 3*c. Let d = 25 - n. Suppose g - 521 = -3*x - x, 2*x + 2605 = d*g. Is g composite?
False
Suppose -5*x - 20 = -0*x, -2*d = x - 13930. Let h = -3468 + d. Is h a composite number?
False
Suppose -3*x = v + 16, x - 12 = -2*v + 6*v. Is (v/6)/(-1 + 84570/84582) a prime number?
False
Suppose -13*v + 14*v + 37 = 0. Let r = v + 41. Suppose 4*w - r*o - 3872 = -6*o, -w - 2*o + 971 = 0. Is w a prime number?
True
Let c = 133 + -133. Suppose -32459 = -5*q - 0*j + j, c = -5*j - 20. Is q a composite number?
False
Is 3/57 - (-2069725980)/1330 a prime number?
False
Let a(i) = i**2 - 766*i + 390703. Is a(0) a composite number?
False
Suppose 101055 + 557656 = 19*t. Is t composite?
True
Let m(c) be the first derivative of -463*c**2/2 - 5*c + 24. Suppose 13*z = 9*z - 16. Is m(z) prime?
True
Suppose 5*o + n - 129 = 0, o + 41*n - 45*n - 9 = 0. Is -5*(7 + (-63790)/o) a prime number?
False
Let x(b) = 91*b**2 - 102*b + 3. Is x(24) a prime number?
False
Let g = -44 - -46. Suppose 4 = -g*c + 10. Suppose -m + 5 = 0, -c*b - 4*m = -b - 82. Is b a composite number?
False
Suppose 0 = 3*p + d - 10 - 12, 5*p + d - 34 = 0. Let x be 3 + (p - (2 + 3)). Suppose 7*i = -x*i + 71401. Is i a composite number?
False
Is (18 - 385/22)*(2 - 0) - -78090 a prime number?
False
Let n(i) = -i**2 + 26*i - 44. Let w be n(24). Let p = 6 - w. Suppose 3*s - 3755 = -p*s. Is s prime?
True
Suppose -2*f + 305445 = 3*g, -49*f - 458172 = -52*f - 3*g. Is f a prime number?
False
Let r(z) = z**3 + z**2 - 3*z + 4. Suppose -7*h = -14 + 35. Let d be r(h). Is d/30*2*-7509 composite?
False
Let i(g) = -g**3 + 6*g**2 - 4*g - 3. Let r be i(5). Suppose -10*q + 347 = -1703. Suppose -u - r*o + q = 0, -o = 2*u - 3*o - 434. Is u a composite number?
True
Suppose 228*k = 4*j + 232*k - 666400, 0 = -2*j + 4*k + 333182. Is j a prime number?
True
Let q = -5382 + 9943. Is q prime?
True
Suppose -3*a - 24 = -9, 5*v + a - 325 = 0. Is (-11837)/(-6) + 869/v + -13 prime?
True
Let y = 6189 - -79282. Is y composite?
True
Let o be (14/7 + (-24)/10)*-5. Let m be 11/55 - (o - (-25516)/5). Let a = -3546 - m. Is a a prime number?
True
Let o(i) = -2*i + 49. Let w be o(23). Let f be 1/w*-44 - (-10)/(-30). Is (-24615)/f - 8/2 a prime number?
True
Let h = -363 + 347. Is ((-59178)/56)/(6/h) + -5 composite?
True
Let q = -56 + 63. Suppose -q*p - 2*p = 27. Is 7/(2/p + 1 + 0) a composite number?
True
Suppose -4*s - 12*u + 5*u + 507418 = 0, -s + 3*u + 126845 = 0. Is s a prime number?
True
Let f = -11695 + 17308. Let v(i) = i**3 + 6*i**2 - i - 2. Let h be v(-6). Suppose 5603 = 4*j - u, -h*j - u + f = -0*u. Is j a composite number?
True
Let p(k) be the first derivative of -123/2*k**2 + 32*k - 11. Is p(-5) composite?
False
Let t be 0 - (-31666)/4*(4 + 2). Suppose 20*l - t = 88081. Is l composite?
False
Suppose 0*h + 21 = 7*h. Suppose 8*w - h*w = n + 2, -2*w - 7 = -3*n. Is -4 + (1015 - w) - 1 a prime number?
True
Is (-348148)/(-8)*12/6 a prime number?
True
Suppose -7218 = -6*z + 1290. Suppose -z = 3*r - 80. Is r/(2/((0 + -1)/1)) a prime number?
True
Let z = -3277 - -6101. Let w = -1013 + z. Is w a composite number?
False
Let l(x) = -227*x**2 + 26*x - 10. Let p(z) = 908*z**2 - 105*z + 41. Let f(g) = -9*l(g) - 2*p(g). Is f(5) a composite number?
False
Let m(y) = 10*y - 23. Let v be -4 + ((-10)/20)/((-1)/138). Let f = 74 - v. Is m(f) a composite number?
False
Suppose o - 244835 = -4*h, o + 96999 = 3*h - 86643. Is h a prime number?
True
Suppose 975*g 